{"id":92,"date":"2013-03-16T15:59:51","date_gmt":"2013-03-16T15:59:51","guid":{"rendered":"http:\/\/www.gaffelkonst.com\/?page_id=92"},"modified":"2013-04-04T17:29:08","modified_gmt":"2013-04-04T17:29:08","slug":"presentkort","status":"publish","type":"page","link":"https:\/\/www.gaffelkonst.com\/?page_id=92","title":{"rendered":"Presentkort"},"content":{"rendered":"<p><a href=\"http:\/\/www.gaffelkonst.com\/wp-content\/uploads\/2013\/03\/3127.jpg\"><img loading=\"lazy\" class=\"aligncenter size-full wp-image-325\" alt=\"3127\" src=\"https:\/\/www.gaffelkonst.com\/wp-content\/uploads\/2013\/03\/3127.jpg\" width=\"800\" height=\"549\" srcset=\"https:\/\/www.gaffelkonst.com\/wp-content\/uploads\/2013\/03\/3127.jpg 800w, https:\/\/www.gaffelkonst.com\/wp-content\/uploads\/2013\/03\/3127-300x205.jpg 300w\" sizes=\"(max-width: 800px) 100vw, 800px\" \/><\/a>Presentkort kan ibland vara ett bra alternativ. Mina presentkort g\u00e4ller vid k\u00f6p:<\/p>\n<ul>\n<li>p\u00e5 min hemsida<\/li>\n<li>i butiken <a href=\"https:\/\/www.facebook.com\/home.php#!\/pages\/Tr%C3%A5ngt-Trevligt\/197732567028297?fref=ts\" target=\"_blank\">Tr\u00e5ngt &amp; Trevligt <\/a>p\u00e5 V\u00e4sterl\u00e5nggatan 24 i Gamla Stan Stockholm<\/li>\n<li>vid specialbest\u00e4llningar fr\u00e5n verkstaden, <a title=\"G\u00f6r om egna bestick\" href=\"http:\/\/www.gaffelkonst.com\/?page_id=89\">kanske av ett eget bestick<\/a><\/li>\n<li>p\u00e5 mina <a title=\"\u00c5terf\u00f6rs\u00e4ljare och evenemang\" href=\"http:\/\/www.gaffelkonst.com\/?page_id=6\">evenemang<\/a><\/li>\n<\/ul>\n<p>&nbsp;<\/p>\n","protected":false},"excerpt":{"rendered":"<p>Presentkort kan ibland vara ett bra alternativ. Mina presentkort g\u00e4ller vid k\u00f6p: p\u00e5 min hemsida i butiken Tr\u00e5ngt &amp; Trevligt p\u00e5 V\u00e4sterl\u00e5nggatan 24 i Gamla Stan Stockholm vid specialbest\u00e4llningar fr\u00e5n &hellip;<\/p>\n","protected":false},"author":1,"featured_media":0,"parent":0,"menu_order":4,"comment_status":"closed","ping_status":"closed","template":"","meta":[],"_links":{"self":[{"href":"https:\/\/www.gaffelkonst.com\/index.php?rest_route=\/wp\/v2\/pages\/92"}],"collection":[{"href":"https:\/\/www.gaffelkonst.com\/index.php?rest_route=\/wp\/v2\/pages"}],"about":[{"href":"https:\/\/www.gaffelkonst.com\/index.php?rest_route=\/wp\/v2\/types\/page"}],"author":[{"embeddable":true,"href":"https:\/\/www.gaffelkonst.com\/index.php?rest_route=\/wp\/v2\/users\/1"}],"replies":[{"embeddable":true,"href":"https:\/\/www.gaffelkonst.com\/index.php?rest_route=%2Fwp%2Fv2%2Fcomments&post=92"}],"version-history":[{"count":14,"href":"https:\/\/www.gaffelkonst.com\/index.php?rest_route=\/wp\/v2\/pages\/92\/revisions"}],"predecessor-version":[{"id":347,"href":"https:\/\/www.gaffelkonst.com\/index.php?rest_route=\/wp\/v2\/pages\/92\/revisions\/347"}],"wp:attachment":[{"href":"https:\/\/www.gaffelkonst.com\/index.php?rest_route=%2Fwp%2Fv2%2Fmedia&parent=92"}],"curies":[{"name":"wp","href":"https:\/\/api.w.org\/{rel}","templated":true}]}}